?
1
Suppose 0 = 3*w - 4*c - 662, -3*c = -3*w + 627 + 39. What is the units digit of w?
6
Let a(m) = m + 4. Let q(d) = -d**2 - 4*d + 1. Let p be q(-3). Let l be a(p). Let y(i) = i**3 - 6*i**2 - 10*i + 11. What is the units digit of y(l)?
9
Suppose 128*z - 129*z - 230 = 0. Let p = 114 - z. What is the tens digit of p?
4
Suppose 0 = -22*d - 927 + 10233. What is the units digit of d?
3
Let y be 0/2*(-2)/(-6). Suppose -j - 3*i + 8 = y, 7*j = 4*j - 5*i + 28. What is the tens digit of j?
1
Let r be 112/42 + (-2)/(-6). Suppose -4*l - 114 = -r*t, -t = 4*t + 4*l - 158. Suppose 2*p + p - 4*q - 92 = 0, -p = 2*q - t. What is the units digit of p?
2
Let g = 31 + -16. Let y be (-122)/(-5) - 6/g. Let x = y + 6. What is the units digit of x?
0
Let n = -22 - 80. Let i = n + 174. What is the units digit of i?
2
Suppose -3*h = -5*h + 4, -9 = t - 4*h. Let r be (t - 36)/(-6 - -7). Let k = r + 64. What is the units digit of k?
7
Let o be (-1)/(((-1)/4)/1). Suppose -5*i = -2*s - 7, 0 = -3*i + i - 2*s + 14. Suppose -n + q + 30 = i, o*q - 30 = -2*n. What is the units digit of n?
3
Suppose -56*v - 1049 = -57*v + z, -25 = 5*z. What is the units digit of v?
4
Let h(u) = -u + 8. Let j be h(4). What is the units digit of 62 + 0 + j + -4?
2
Let k(s) = -s**2 - s. Let a(c) = 2*c**2 - 7*c - 26. Let b(r) = a(r) + k(r). What is the units digit of b(19)?
3
Let v = -1127 - -1697. What is the hundreds digit of v?
5
Let l(g) = -g**3 + 32*g**2 + 38*g - 47. What is the thousands digit of l(32)?
1
Let d = 29 - 28. Let m(u) = 66*u**3 + u**2 - u + 1. What is the tens digit of m(d)?
6
Suppose -x - 5*y + 132 = 0, -x - 2*y + 147 = -0*x. Let j = -55 + x. What is the units digit of j?
2
Suppose -30*d = -22009 + 4999. What is the units digit of d?
7
Let d = 234 - 78. Suppose d = 16*r - 13*r. What is the tens digit of r?
5
Let r be 1 + (-3)/(-2)*2/(-3). Suppose r = 10*f + 8*f - 5112. What is the tens digit of f?
8
What is the tens digit of (-24)/(-156) + 77058/39 - -1?
7
Let q(i) = -i**2 + i**2 + 17 + 2*i**2 - 15*i - i. What is the tens digit of q(10)?
5
Suppose 0*y + 14 = 4*b - 5*y, -2*y = -4*b + 8. Let v = b + 76. What is the tens digit of v?
7
Let v(w) = 5*w + 4. Let c be v(-3). Suppose 76 + 24 = 5*p. Let d = p + c. What is the units digit of d?
9
Suppose 151 = -8*b + 1287. What is the tens digit of b?
4
Suppose 3*f - f + 4*l - 86 = 0, -2*l - 145 = -3*f. Let r = 7 + f. What is the units digit of r?
4
Let t = 223 + 68. What is the hundreds digit of t?
2
Let s(u) = -7*u - 38. Let v be s(-6). Suppose -101 = -v*i + 123. What is the units digit of i?
6
Suppose 4*c = g, -2*g - 21 = -6*g - 5*c. Suppose g*w - 5 = 3. What is the units digit of (-5 - -4)/((-2)/w)?
1
Suppose 0 = 5*d - 4*y - 10453, -5*d - 16*y + 10480 = -11*y. What is the hundreds digit of d?
0
Let t = -317 + 450. Suppose m - 689 = -5*p, 0 = p - 2*p + m + t. Let y = p - 80. What is the tens digit of y?
5
Let s = -26 - -29. Suppose -o + 1 = -s. What is the units digit of o?
4
Let z(b) = -b - 1. Let a(g) = -26*g - 5. Let x(d) = a(d) - 6*z(d). Let p = 5 - 6. What is the tens digit of x(p)?
2
Let a(b) = 8*b + 16. What is the tens digit of a(7)?
7
Let n(u) = 2*u**2 + 22. Let b be n(0). Let t(j) = -9*j + j**2 + b*j + 10 + 3*j**2 - 5*j**2. What is the tens digit of t(13)?
1
Suppose 4*n - 4*l - 3372 = 44, 0 = -5*l + 20. What is the tens digit of n?
5
Suppose p - 6 = -a + 3, 0 = -4*a - 3*p + 31. Suppose 87 = 3*u - 11*o + 6*o, a*o = -3*u + 114. What is the tens digit of u?
3
Suppose 0 = 43*p - 24*p - 5548. What is the tens digit of p?
9
Suppose -9*u = -13*u + 14976. What is the units digit of u?
4
Let z(j) = 39*j. Let h be z(1). Suppose 0 = -2*r + h - 3. What is the tens digit of r?
1
Let k = 19 - 35. Let q = k + 11. What is the units digit of (-10)/3*12/q?
8
Let w(j) = -51*j - 35. What is the tens digit of w(-10)?
7
Let p = -498 + 875. What is the tens digit of p?
7
Suppose 119*d = 115*d + 7116. What is the thousands digit of d?
1
What is the units digit of 6*-26*342/(-48)*2?
3
Let r(v) = -3*v + 4. Let t be r(-6). Let f be 70/t - 16/88. Suppose f*z + 31 = 202. What is the tens digit of z?
5
What is the tens digit of 104538/105 + (-8)/(-20)?
9
Let n(x) = 803*x**3 - 3*x**2 + 8*x - 4. What is the units digit of n(1)?
4
Let s = 2058 - 1341. Suppose -3*z - 3*a + s = 0, -z + 105 = -4*a - 119. What is the tens digit of z?
3
Let t(v) = -v**2 - 5*v + 122. What is the tens digit of t(0)?
2
Let c(w) be the third derivative of -w**4/24 - 3*w**3/2 - 6*w**2. Let d be c(-5). Let j = d - -16. What is the tens digit of j?
1
Let m(h) = 12*h + 59. What is the units digit of m(16)?
1
Suppose 2288 = 29*t - 1917. What is the tens digit of t?
4
Suppose 0 = 3*b - 7*b + 1004. Let i = b + -162. What is the tens digit of i?
8
Let p be ((-2)/(-2))/((-2)/(-4)). Let i be (-53)/(-4)*(p - -2). What is the units digit of -4 + (i - 2) + -2?
5
Let i(n) = -n**3 - 8*n**2 - 9*n - 9. Let h be i(-7). Suppose 138 = 3*c + 4*b, -h*c - b + 247 = -0*c. What is the tens digit of c?
5
Let q(i) = -5*i + 17. Let a be q(4). What is the tens digit of (-6*a/27)/((-4)/(-618))?
0
Let h(f) = 2*f**3 - 3*f**2 - 2*f - 2. Let a be h(-2). Let q = -18 - a. Let n = q - 6. What is the units digit of n?
2
Let r = -49 - -48. What is the units digit of -3 + 1 + 181/1 + r?
8
Suppose -v = 3, 4*n - n + 2*v - 138 = 0. Let k be (-6)/4*(-94)/3. Suppose -5*l + n = -k. What is the units digit of l?
9
Let u(g) = g**3 + 26*g**2 - 13*g - 9. What is the tens digit of u(-24)?
5
Let d(f) be the first derivative of -7*f**3/3 - f - 2. Let b be d(1). Let k = b + 9. What is the units digit of k?
1
Let u = 267 + 452. What is the hundreds digit of u?
7
Let g(c) = -c**2 + 22*c - 21. Suppose -15*v + 12*v = -54. What is the units digit of g(v)?
1
Let f = 21 + -19. Suppose 65 = -f*o + 177. What is the tens digit of (-451)/(-8) - 21/o?
5
Suppose 5*m = 2*a - 174 - 22, m = -2. Let x = a + -5. What is the tens digit of x?
8
Suppose -2*l + f + 17 = 0, -4*l - 3*f + f = -30. Let u(b) = b**2 - 2*b - 21. What is the units digit of u(l)?
7
Suppose 0*f = -9*f + 8919. What is the tens digit of f?
9
Let k be (-1)/(-1)*0*1. Let h(b) be the second derivative of b**5/20 - b**4/12 - b**3/6 + 11*b**2/2 + 15*b - 2. What is the tens digit of h(k)?
1
Let m = -199 + 371. Suppose m = 4*g + 2*k, 4*g - 6*k + 10*k = 168. What is the units digit of g?
4
Let b be (-3 - (-3 - 1))*(0 + -1). Let x(f) = -f**3 + 2*f**2 + 3*f + 4. Let r be x(3). What is the units digit of b/((r/(-6))/2)?
3
Let g = -963 - -2095. What is the thousands digit of g?
1
Suppose -2*b + 4686 = 2*p, 3*p = b - 2*b + 2335. What is the hundreds digit of b?
3
Let m = 61 + -59. Suppose m*n + 102 = 3*n. What is the units digit of n?
2
Suppose 3*k = -k + 4*q + 8, 5*k + 3*q + 14 = 0. Let t be 1/(4/(-304))*k. Suppose -l + 5*l = t. What is the tens digit of l?
1
Let o(r) = 77*r - 23. What is the hundreds digit of o(7)?
5
Let z = -90 - -242. Suppose 481 = 5*u + i + z, 3*u = 2*i + 187. What is the units digit of u?
5
Let q = -1091 + 3712. What is the tens digit of q?
2
Suppose 356 = j + 3*j. Suppose -2*g = -j + 29. What is the units digit of g?
0
Suppose -2*k = -3 - 1, -4*j + 5*k = -394. Let w = j - -77. What is the units digit of w?
8
What is the tens digit of (-4)/(-5)*1907 + (-3)/5?
2
Let q = 8 + -6. Let y = q + -2. Suppose y*h = -2*h + 6. What is the units digit of h?
3
Suppose o = -2 - 1. Let q be (3 + o)*3/(-6). Let p = 2 + q. What is the units digit of p?
2
Let d(x) be the second derivative of x**4/12 - x**3 - 4*x. Let s be d(3). What is the units digit of s/(-1)*(-1)/(-3)?
3
Let j(k) = k**2 - k - 7. Let x be j(6). Let s be 0 - (7 + (-1 - -3)). Let r = s + x. What is the units digit of r?
4
Let n = 2841 - 1909. What is the units digit of n?
2
Suppose 4*w = 10 - 2. Let c(j) = 9 - 13 + 8 + 7*j**w + j**3 + 7*j. What is the tens digit of c(-4)?
2
Let o(p) = p**2 + 6*p + 5. Let v be o(-5). Suppose v = 5*x - 78 + 8. Let z = x - 8. What is the units digit of z?
6
Suppose 0*b + b - 5*g = -17, 0 = 2*b - 2*g - 6. Suppose -b*h + 3*h = -15. Suppose -h*w - f = -29 - 35, -f = -w + 28. What is the units digit of w?
3
Let m(o) = 1718*o**2 - 3*o - 2. What is the units digit of m(-1)?
9
Suppose -t - 5*f - 100 = 0, 0*t - 282 = 3*t - 3*f. Let u = -29 - t. What is the units digit of u?
6
Let j = -261 + 641. Suppose